rime?
False
Is 1238267 a prime number?
True
Is 50385547 a composite number?
False
Is 35985689 composite?
False
Is 3585445 prime?
False
Is 4554511 a composite number?
True
Is 7210167 prime?
False
Is 1856013 prime?
False
Is 13513 prime?
True
Is 128345017 prime?
False
Is 1774301 prime?
True
Is 113588263 prime?
False
Is 14194913 a composite number?
False
Is 859969 composite?
True
Is 127733009 composite?
False
Is 511740677 composite?
True
Is 3932769 prime?
False
Is 5378795 composite?
True
Is 464637101 prime?
False
Is 32987597 a prime number?
False
Is 13153051 a prime number?
True
Is 152119339 prime?
False
Is 10137857 composite?
False
Is 11459423 composite?
False
Is 6067681 a composite number?
False
Is 59203217 composite?
True
Is 205183607 a composite number?
True
Is 3686299 a composite number?
False
Is 10088833 a prime number?
True
Is 5408543 prime?
False
Is 11033467 a composite number?
False
Is 104869 a prime number?
True
Is 6681819 prime?
False
Is 18302923 prime?
True
Is 11335619 prime?
False
Is 4455641 prime?
True
Is 1752181 composite?
False
Is 1730595838 composite?
True
Is 859031 a prime number?
True
Is 1964623 composite?
False
Is 21663293 a composite number?
True
Is 4379881 prime?
False
Is 3047227 a prime number?
False
Is 6084571 a composite number?
False
Is 13675729 a composite number?
True
Is 4006157 a prime number?
False
Is 236486221 composite?
False
Is 80310194 prime?
False
Is 10857289 a composite number?
False
Is 262371331 prime?
False
Is 89429593 a prime number?
False
Is 1552757 a composite number?
False
Is 133290431 a prime number?
False
Is 5321837 prime?
True
Is 141663313 a composite number?
True
Is 385441303 composite?
True
Is 1953971 composite?
True
Is 2583407 a prime number?
False
Is 45671641 a prime number?
True
Is 13926391 prime?
True
Is 74400973 a prime number?
True
Is 1800803 a composite number?
False
Is 962341 a prime number?
True
Is 8417327 a prime number?
True
Is 2775949 composite?
True
Is 56559187 prime?
False
Is 21562369 a prime number?
True
Is 11320939 a composite number?
True
Is 196850399 a composite number?
True
Is 315281 composite?
False
Is 8469319 prime?
True
Is 58951799 a composite number?
True
Is 68182939 composite?
True
Is 38608783 prime?
True
Is 120169222 a composite number?
True
Is 100093361 a prime number?
False
Is 60243329 composite?
False
Is 42313547 prime?
True
Is 8192627 prime?
True
Is 45737 prime?
True
Is 3063821 prime?
False
Is 142979879 a composite number?
True
Is 24832837 a composite number?
False
Is 17120137 prime?
True
Is 22429721 prime?
False
Is 561019 a composite number?
False
Is 9856013 a composite number?
True
Is 8374623 composite?
True
Is 15665603 a composite number?
False
Is 797611 a prime number?
True
Is 64570019 prime?
True
Is 188107 a composite number?
False
Is 25345933 a prime number?
True
Is 31702399 prime?
False
Is 29658011 prime?
True
Is 47404066 a prime number?
False
Is 197359502 prime?
False
Is 312479 a prime number?
False
Is 478993017 a composite number?
True
Is 205908059 a composite number?
True
Is 99146539 prime?
False
Is 21216269 composite?
True
Is 2914823 prime?
False
Is 123673307 a composite number?
False
Is 55653047 composite?
False
Is 129318857 a composite number?
True
Is 11428069 a prime number?
True
Is 351789197 a composite number?
False
Is 47994889 prime?
True
Is 7379531 prime?
False
Is 2009209 composite?
False
Is 2717549 a prime number?
True
Is 220720163 a prime number?
False
Is 25077529 composite?
True
Is 554464763 prime?
False
Is 104898197 composite?
False
Is 3618583 prime?
True
Is 3394957 prime?
False
Is 1373305 composite?
True
Is 5343461 a prime number?
False
Is 10542179 a prime number?
False
Is 583263973 prime?
True
Is 5797289 a composite number?
True
Is 5667029 a composite number?
False
Is 252011153 a composite number?
True
Is 609325251 a prime number?
False
Is 1614359 a prime number?
True
Is 87468053 a composite number?
False
Is 72961481 a prime number?
False
Is 1786039 a composite number?
False
Is 71131906 a prime number?
False
Is 42769169 composite?
True
Is 5266669 prime?
False
Is 7164455 prime?
False
Is 304595657 composite?
True
Is 32753839 a prime number?
False
Is 498311339 composite?
False
Is 208361501 composite?
False
Is 2753783 a prime number?
True
Is 37974479 prime?
False
Is 1987087 a prime number?
False
Is 57724081 prime?
True
Is 20568239 prime?
False
Is 62417 composite?
False
Is 14154133 a prime number?
False
Is 3133873 a composite number?
False
Is 3895611 a composite number?
True
Is 48445073 a composite number?
True
Is 2332013 prime?
True
Is 86717755 prime?
False
Is 5081421 prime?
False
Is 5899667 a prime number?
False
Is 1435315513 prime?
True
Is 483787 a prime number?
True
Is 29967139 prime?
True
Is 1504379 a composite number?
False
Is 20158 a composite number?
True
Is 3846967 prime?
False
Is 67074967 a composite number?
True
Is 142748341 a composite number?
False
Is 1912193 a composite number?
False
Is 856442 a composite number?
True
Is 973633382 prime?
False
Is 198451 a composite number?
True
Is 208657 a prime number?
True
Is 466861 a prime number?
False
Is 30789943 a prime number?
True
Is 513697 a composite number?
False
Is 4316423 a prime number?
True
Is 1200077 prime?
True
Is 21351563 prime?
True
Is 1156217 prime?
True
Is 313440571 prime?
False
Is 12697187 prime?
False
Is 8721043 a composite number?
False
Is 329755 composite?
True
Is 179399723 a prime number?
False
Is 763837 a composite number?
True
Is 133616101 prime?
True
Is 8801189 a prime number?
False
Is 28881322 a prime number?
False
Is 20995673 a prime number?
False
Is 2435491 prime?
False
Is 44652677 a prime number?
False
Is 85238071 a composite number?
True
Is 15205373 a prime number?
True
Is 17054021 prime?
True
Is 135962467 a composite number?
True
Is 3967829 a prime number?
True
Is 196827707 composite?
True
Is 217559 a prime number?
True
Is 431195 a composite number?
True
Is 6570631 a prime number?
True
Is 2525107 a prime number?
False
Is 18503081 composite?
True
Is 13262957 a prime number?
True
Is 205609793 prime?
False
Is 25561181 a prime number?
False
Is 18074338 composite?
True
Is 433649477 composite?
False
Is 4859786 prime?
False
Is 18569861 prime?
True
Is 10796371 composite?
True
Is 372391 composite?
True
Is 2462479 prime?
True
Is 1264529 a composite number?
True
Is 5597897 prime?
True
Is 1227319 prime?
True
Is 1051128723 a prime number?
False
Is 10268161 composite?
True
Is 116247147 composite?
True
Is 1100174171 prime?
False
Is 134843887 prime?
True
Is 2128891 a composite number?
False
Is 6777137 prime?
True
Is 1661447 a prime number?
True
Is 6195427 composite?
True
Is 16808543 composite?
False
Is 39271567 a composite number?
False
Is 4564127 a composite number?
True
Is 12494281 a prime number?
True
Is 82000517 composite?
True
Is 636841 composite?
True
Is 2714707 a prime number?
True
Is 5014547 prime?
True
Is 211738327 a composite number?
False
Is 378450473 prime?
False
Is 976777 prime?
True
Is 16350901 a composite number?
True
Is 1222813 prime?
False
Is 3255673 composite?
True
Is 402653 a prime number?
False
Is 22315 prime?
False
Is 4132337 prime?
False
Is 10911437 a composite number?
True
Is 585899 a composite number?
False
Is 142399 a prime number?
False
Is 2921119 prime?
False
Is 82556449 composite?
True
Is 414294209 composite?
True
Is 12250235 a composite number?
True
Is 104391281 a prime number?
True
Is 607037 composite?
False
Is 2436991 composite?
True
Is 9177131 composite?
True
Is 73070993 composite?
True
Is 7213667 a prime number?
True
Is 53578673 composite?
False
Is 36384839 a composite number?
False
Is 59996177 prime?
True
Is 154949653 a composite number?
True
Is 39146141 composite?
False
Is 728263 prime?
False
Is 19227301 a composite number?
True
Is 285433 prime?
True
Is 63300113 prime?
True
Is 1329499 prime?
True
Is 1795037 a prime number?
False
Is 910493 composite?
True
Is 28281415 composite?
True
Is 14278129 composite?
False
Is 8218307 prime?
True
Is 6672811 a composite number?
True
Is 4182947 a prime number?
True
Is 5378873 prime?
False
Is 114444823 a composite number?
True
Is 98695907 prime?
False
Is 550175129 composite?
True
Is 1543103 prime?
True
Is 533437 prime?
False
Is 635223 a composite number?
True
Is 37421669 prime?
True
Is 23719229 composite?
True
Is 76